{"id":72526,"date":"2022-01-26T14:18:59","date_gmt":"2022-01-26T12:18:59","guid":{"rendered":"https:\/\/www.baltupiuprogimnazija.vilnius.lm.lt\/?page_id=72526"},"modified":"2024-10-10T09:37:27","modified_gmt":"2024-10-10T06:37:27","slug":"itraukusis-ugdymas","status":"publish","type":"page","link":"https:\/\/www.baltupiuprogimnazija.vilnius.lm.lt\/?page_id=72526","title":{"rendered":"\u012etraukusis ugdymas"},"content":{"rendered":"<section class=\"wpb-content-wrapper\"><p>[vc_row full_height=&#8221;yes&#8221;][vc_column width=&#8221;11\/12&#8243;][stm_icon_box icon_position=&#8221;left&#8221; icon_color=&#8221;green&#8221; title=&#8221;\u012etraukusis ugdymas Vilniaus Baltupi\u0173 progimnazijoje&#8221; title_link=&#8221;url:https%3A%2F%2Fwww.baltupiuprogimnazija.vilnius.lm.lt%2Fwp-content%2Fuploads%2F2022%2F02%2FItraukusi-ugdymas-003.pdf|title:%C4%AEtraukusis%20ugdymas%20Vilniaus%20Baltupi%C5%B3%20progimnazijoje.|target:_blank&#8221; icon_fontawesome=&#8221;far fa-file-pdf&#8221; icon_size=&#8221;20px&#8221;][stm_icon_box icon_position=&#8221;left&#8221; icon_color=&#8221;green&#8221; title=&#8221;\u012etraukusis ugdymas (Pagalbos mokiniui specialistai, mokyklos aplinkos pritaikymas, bendruomen\u0117s pasirengimas)&#8221; title_link=&#8221;url:https%3A%2F%2Fwww.baltupiuprogimnazija.vilnius.lm.lt%2Fwp-content%2Fuploads%2F2024%2F04%2FItraukusis_ugdymas_2024.pdf|title:%C4%AEtraukusis%20ugdymas%20(Pagalbos%20mokiniui%20specialistai%2C%20mokyklos%20aplinkos%20pritaikymas))|target:_blank&#8221; icon_fontawesome=&#8221;far fa-file-pdf&#8221; icon_size=&#8221;20px&#8221;][stm_icon_box icon_position=&#8221;left&#8221; icon_color=&#8221;green&#8221; title=&#8221;Veiksm\u0173 planas, taikomas spr\u0119sti i\u0161kylan\u010dioms situacijoms d\u0117l SUP mokini\u0173&#8221; title_link=&#8221;url:https%3A%2F%2Fwww.baltupiuprogimnazija.vilnius.lm.lt%2Fwp-content%2Fuploads%2F2022%2F10%2FVeiksmu-planas.docx.pdf|title:Veiksm%C5%B3%20planas%2C%20taikomas%20spr%C4%99sti%20i%C5%A1kylan%C4%8Dioms%20situacijoms%20d%C4%97l%20SUP%20mokini%C5%B3|target:_blank&#8221; icon_fontawesome=&#8221;far fa-file-pdf&#8221; icon_size=&#8221;20px&#8221;][stm_icon_box icon_position=&#8221;left&#8221; icon_color=&#8221;green&#8221; title=&#8221;\u012etraukiojo ugdymo \u012fgyvendinimo mokyklose rekomendacijos&#8221; title_link=&#8221;url:https%3A%2F%2Fwww.baltupiuprogimnazija.vilnius.lm.lt%2Fwp-content%2Fuploads%2F2022%2F02%2FREKOMENDACIJOS-galutinis.pdf|title:%C4%AEtraukiojo%20ugdymo%20%C4%AFgyvendinimas%20Bendrojo%20ugdymo%20mokyklose.%20Rekomendacijos%20|target:_blank&#8221; icon_fontawesome=&#8221;far fa-file-pdf&#8221; icon_size=&#8221;20px&#8221;][stm_icon_box icon_position=&#8221;left&#8221; icon_color=&#8221;green&#8221; title=&#8221;Iliustruotas \u017eodynas apie negalias vaikams&#8221; title_link=&#8221;url:https%3A%2F%2Fwww.baltupiuprogimnazija.vilnius.lm.lt%2Fwp-content%2Fuploads%2F2024%2F02%2FIliustruotas-zodynas-apie-negalias-vaikams.pdf|title:Iliustruotas%20%C5%BEodynas%20apie%20negalias%20vaikams|target:_blank&#8221; icon_fontawesome=&#8221;far fa-file-pdf&#8221; icon_size=&#8221;20px&#8221;][stm_icon_box icon_position=&#8221;left&#8221; icon_color=&#8221;green&#8221; title=&#8221;Pavojai internete: kaip j\u0173 i\u0161vengti&#8221; title_link=&#8221;url:https%3A%2F%2Fwww.baltupiuprogimnazija.vilnius.lm.lt%2Fwp-content%2Fuploads%2F2022%2F03%2FPavojai-internete.pdf|title:Pavojai%20internete|target:_blank&#8221; icon_fontawesome=&#8221;far fa-file-pdf&#8221; icon_size=&#8221;20px&#8221;][stm_icon_box icon_position=&#8221;left&#8221; icon_color=&#8221;green&#8221; title=&#8221;Saugus laikas prie ekrano: kaip susitarti&#8221; title_link=&#8221;url:https%3A%2F%2Fwww.baltupiuprogimnazija.vilnius.lm.lt%2Fwp-content%2Fuploads%2F2022%2F03%2FSaugus-laikas-prie-ekrano.pdf|title:Saugus%20laikas%20prie%20ekrano|target:_blank&#8221; icon_fontawesome=&#8221;far fa-file-pdf&#8221; icon_size=&#8221;20px&#8221;][stm_icon_box icon_position=&#8221;left&#8221; icon_color=&#8221;green&#8221; title=&#8221;Konfliktai: kaip tinkamai juos spr\u0119sti&#8221; title_link=&#8221;url:https%3A%2F%2Fwww.baltupiuprogimnazija.vilnius.lm.lt%2Fwp-content%2Fuploads%2F2022%2F03%2FKonfliktai_Kaip-tinkamai-juos-spresti.pdf|title:Konfliktai%3A%20kaip%20tinkamai%20juos%20spr%C4%99sti|target:_blank&#8221; icon_fontawesome=&#8221;far fa-file-pdf&#8221; icon_size=&#8221;20px&#8221;][stm_icon_box icon_position=&#8221;left&#8221; icon_color=&#8221;green&#8221; title=&#8221;Elgesio ir savijautos \u017eenklai, keliantys nerim\u0105: kaip reaguoti&#8221; title_link=&#8221;url:https%3A%2F%2Fwww.baltupiuprogimnazija.vilnius.lm.lt%2Fwp-content%2Fuploads%2F2022%2F03%2FElgesio-ir-savijautos-zenklai-keliantys-nerima.pdf|title:Elgesio%20ir%20savijautos%20%C5%BEenklai%20keliantys%20nerim%C4%85|target:_blank&#8221; icon_fontawesome=&#8221;far fa-file-pdf&#8221; icon_size=&#8221;20px&#8221;][stm_icon_box icon_position=&#8221;left&#8221; icon_color=&#8221;green&#8221; title=&#8221;Vaik\u0173 psichologinis atsparumas: kaip stiprinti&#8221; title_link=&#8221;url:https%3A%2F%2Fwww.baltupiuprogimnazija.vilnius.lm.lt%2Fwp-content%2Fuploads%2F2022%2F03%2FVaiku-psichologinis-atsparumas.pdf|title:Vaik%C5%B3%20psichologinis%20atsparumas|target:_blank&#8221; icon_fontawesome=&#8221;far fa-file-pdf&#8221; icon_size=&#8221;20px&#8221;][stm_icon_box icon_position=&#8221;left&#8221; icon_color=&#8221;green&#8221; title=&#8221;Valgymo sutrikimai: kaip atpa\u017einti&#8221; title_link=&#8221;url:https%3A%2F%2Fwww.baltupiuprogimnazija.vilnius.lm.lt%2Fwp-content%2Fuploads%2F2022%2F03%2FAtmintine_Valgymo-sutrikimai.pdf|title:Valgymo%20sutrikimai|target:_blank&#8221; icon_fontawesome=&#8221;far fa-file-pdf&#8221; icon_size=&#8221;20px&#8221;][stm_icon_box icon_position=&#8221;left&#8221; icon_color=&#8221;green&#8221; title=&#8221;Leidiniai apie autizmo spektro sutrikim\u0105 t\u0117vams ir pedagogams&#8221; title_link=&#8221;url:https%3A%2F%2Fsrvks.lt%2Fautizmas%2Fleidiniai-apie-autizma%2F|title:Leidiniai%20apie%20autizmo%20%20spektro%20sutrikim%C4%85|target:_blank&#8221; icon_fontawesome=&#8221;stm-icon stm-icon-website&#8221; icon_size=&#8221;20px&#8221;][stm_icon_box icon_position=&#8221;left&#8221; icon_color=&#8221;green&#8221; title=&#8221;Pasiruo\u0161imas darbui su vaikais, turin\u010diais autizmo spektro sutrikim\u0173. Rekomendacijos mokytojui.&#8221; title_link=&#8221;url:https%3A%2F%2Fsrvks.lt%2Fwp-content%2Fuploads%2F2019%2F11%2FREKOMENDACIJ%25C5%25B2-LEIDINYS.-Pasiruo%25C5%25A1imas-darbui-su-vaikais-turin%25C4%258Diais-autizmo-spektro-sutrikim%25C5%25B3.pdf|title:Pasiruo%C5%A1imas%20darbui%20su%20vaikais%2C%20turin%C4%8Diais%20autizmo%20spektro%20sutrikim%C5%B3.%20Rekomendacijos%20mokytojui.|target:_blank&#8221; icon_fontawesome=&#8221;stm-icon stm-icon-website&#8221; icon_size=&#8221;20px&#8221;][vc_toggle title=&#8221;UGDYMO TURINIO PRITAIKYMO REKOMENDACIJOS&#8221; custom_font_container=&#8221;tag:h2|text_align:left|color:%23000000&#8243; custom_google_fonts=&#8221;font_family:Ubuntu%20Condensed%3Aregular|font_style:400%20regular%3A400%3Anormal&#8221; use_custom_heading=&#8221;true&#8221;]<strong>Rekomendacijos d\u0117l atnaujint\u0173 bendr\u0173j\u0173 program\u0173 pritaikymo speciali\u0173j\u0173 ugdymosi poreiki\u0173 turintiems mokiniams<\/strong><\/p>\n<ul>\n<li><a title=\"Elgesio ar\/ir emocij\u0173 sutrikimus turintiems mokiniams\" href=\"https:\/\/www.baltupiuprogimnazija.vilnius.lm.lt\/wp-content\/uploads\/2024\/10\/Elgesio-ir-emociju.pdf\">Elgesio ar\/ir emocij\u0173 sutrikimus turintiems mokiniams<\/a><\/li>\n<li><a title=\"Intelekto sutrikimus turintiems mokiniams\" href=\"https:\/\/www.baltupiuprogimnazija.vilnius.lm.lt\/wp-content\/uploads\/2024\/10\/Intelektas.pdf\">Intelekto sutrikimus turintiems mokiniams<\/a><\/li>\n<li><a title=\"Judesio ir pad\u0117ties bei neurologinius sutrikimus turintiems mokiniams\" href=\"https:\/\/www.baltupiuprogimnazija.vilnius.lm.lt\/wp-content\/uploads\/2024\/10\/Judesio-ir-padeties.pdf\">Judesio ir pad\u0117ties bei neurologinius sutrikimus turintiems mokiniams<\/a><\/li>\n<li><a title=\"Kalb\u0117jimo ir kalbos sutrikim\u0173 turintiems mokiniams\" href=\"https:\/\/www.baltupiuprogimnazija.vilnius.lm.lt\/wp-content\/uploads\/2024\/10\/Kalba-ir-kalbejimas.pdf\">Kalb\u0117jimo ir kalbos sutrikim\u0173 turintiems mokiniams<\/a><\/li>\n<li><a title=\"Mokymosi sunkum\u0173 turintiems mokiniams\" href=\"https:\/\/www.baltupiuprogimnazija.vilnius.lm.lt\/wp-content\/uploads\/2024\/10\/Mokymosi-sunkumai.pdf\">Mokymosi sunkum\u0173 turintiems mokiniams<\/a><\/li>\n<li><a title=\"\u012egimt\u0105 kur\u010dneregyst\u0119 turintiems mokiniams\" href=\"https:\/\/www.baltupiuprogimnazija.vilnius.lm.lt\/wp-content\/uploads\/2024\/10\/Kurcneregyste.pdf\">\u012egimt\u0105 kur\u010dneregyst\u0119 turintiems mokiniams<\/a><\/li>\n<li><a title=\"Mokymosi sutrikim\u0173 (bendr\u0173j\u0173, specifini\u0173, neverbalini\u0173) turintiems mokiniams\" href=\"https:\/\/www.baltupiuprogimnazija.vilnius.lm.lt\/wp-content\/uploads\/2024\/10\/Mokymosi-sutrikimai.pdf\">Mokymosi sutrikim\u0173 (bendr\u0173j\u0173, specifini\u0173, neverbalini\u0173) turintiems mokiniams<\/a><\/li>\n<li><a title=\"Regos sutrikim\u0105 turintiems mokiniams\" href=\"https:\/\/www.baltupiuprogimnazija.vilnius.lm.lt\/wp-content\/uploads\/2024\/10\/Rega.pdf\">Regos sutrikim\u0105 turintiems mokiniams<\/a><\/li>\n<\/ul>\n<p>[\/vc_toggle][vc_toggle title=&#8221;Respublikin\u0117 praktin\u0117-metodin\u0117 konferencija Vilniaus Baltupi\u0173 progimnazijoje \u201e\u012etraukusis ugdymas: dabartis ir perspektyvos\u201c.&#8221; custom_google_fonts=&#8221;font_family:Ubuntu%20Condensed%3Aregular|font_style:400%20regular%3A400%3Anormal&#8221; use_custom_heading=&#8221;true&#8221;]<\/p>\n<ul>\n<li><a href=\"https:\/\/www.baltupiuprogimnazija.vilnius.lm.lt\/wp-content\/uploads\/2022\/11\/ITRAUKIOJO-UGDYMO-IGYVENDINIMAS.pdf\" target=\"_blank\" rel=\"noopener\">Vilma Voi\u0161nien\u0117. \u012etraukiojo ugdymo \u012fgyvendinimo rekomendacijos bendrojo ugdymo mokyklose<\/a><\/li>\n<li><a href=\"https:\/\/www.baltupiuprogimnazija.vilnius.lm.lt\/wp-content\/uploads\/2022\/11\/Itraukiojo-ugdymo-vertybes.pdf\" target=\"_blank\" rel=\"noopener\">Jurga Ginevi\u010dien\u0117. \u012etraukiojo ugdymo vertyb\u0117s<\/a><\/li>\n<li><a href=\"https:\/\/www.baltupiuprogimnazija.vilnius.lm.lt\/wp-content\/uploads\/2022\/11\/Itraukusis-mokymas-1.pdf\" target=\"_blank\" rel=\"noopener\">Asta Mitrikien\u0117. Kaip \u012f(si)traukti?<\/a><\/li>\n<li><a href=\"https:\/\/www.baltupiuprogimnazija.vilnius.lm.lt\/wp-content\/uploads\/2022\/11\/Itraukusis-ugdymas-gresme-bendruomenei.pptx.pdf\" target=\"_blank\" rel=\"noopener\">Eimantas Pranauskas. \u012etraukusis ugdymas \u201egr\u0117sm\u0117\u201c bendruomenei<\/a><\/li>\n<li><a href=\"https:\/\/www.baltupiuprogimnazija.vilnius.lm.lt\/wp-content\/uploads\/2022\/11\/Itraukusis-ugdymas-Vilniaus-Baltupiu-progimnazijoje.pdf\" target=\"_blank\" rel=\"noopener\">Kristina Beinorien\u0117. \u012etraukusis ugdymas Vilniaus Baltupi\u0173 progimnazijoje<\/a><\/li>\n<li><a href=\"https:\/\/www.baltupiuprogimnazija.vilnius.lm.lt\/wp-content\/uploads\/2022\/11\/Pakeisti-nuostata-lygu-padeti-sau.pdf\" target=\"_blank\" rel=\"noopener\">Inga Pakalnien\u0117. Pakeisti nuostat\u0105 = pad\u0117ti sau<\/a><\/li>\n<li><a href=\"https:\/\/www.baltupiuprogimnazija.vilnius.lm.lt\/wp-content\/uploads\/2022\/11\/Ruosiames-kelionei.pdf\" target=\"_blank\" rel=\"noopener\">Irena Rad\u017ei\u016bnien\u0117. Ruo\u0161iam\u0117s kelion\u0117ms<\/a><\/li>\n<\/ul>\n<p>&nbsp;[\/vc_toggle][vc_toggle title=&#8221;Nauj\u0173 leidini\u0173 serija: kaip pad\u0117ti suprasti ir ugdyti autizmo spektro sutrikim\u0173 turin\u010dius vaikus?&#8221; custom_google_fonts=&#8221;font_family:Ubuntu%20Condensed%3Aregular|font_style:400%20regular%3A400%3Anormal&#8221; use_custom_heading=&#8221;true&#8221;]<\/p>\n<ul>\n<li><a href=\"\/Users\/Mokytojas\/Downloads\/Savarankiskumo%20ugdymas%20namuose%20(1).pdf\" target=\"_blank\" rel=\"noopener\">PATARIMAI T\u0116VAMS: kaip ugdyti vaik\u0173, turin\u010di\u0173 autizmo spektro sutrikim\u0173, savaranki\u0161kum\u0105 namuose<\/a><\/li>\n<li><a href=\"\/Users\/Mokytojas\/Downloads\/Pagrindiniu%20igudziu%20ugdymas.pdf\" target=\"_blank\" rel=\"noopener\">PATARIMAI T\u0116VAMS: vaik\u0173, turin\u010di\u0173 \u012fvairiapusi\u0173 raidos sutrikim\u0173, pagrindini\u0173 \u012fg\u016bd\u017ei\u0173 ugdymas<\/a><\/li>\n<li><a href=\"\/Users\/Mokytojas\/Downloads\/Komunikaciniu%20igudziu%20ugdymas.pdf\" target=\"_blank\" rel=\"noopener\">PATARIMAI T\u0116VAMS: kaip ugdyti vaik\u0173, turin\u010di\u0173 \u012fvairiapusi\u0173 raidos sutrikim\u0173, komunikacinius \u012fg\u016bd\u017eius<\/a><\/li>\n<li><a href=\"\/Users\/Mokytojas\/Downloads\/Vaiko%20itraukimas%20i%20sensorines%20veiklas.pdf\" target=\"_blank\" rel=\"noopener\">PATARIMAI T\u0116VAMS: kaip \u012fvairiapusi\u0173 raidos sutrikim\u0173 turint\u012f vaik\u0105 \u012ftraukti \u012f sensorines veiklas namuose<\/a><\/li>\n<li><a href=\"\/Users\/Mokytojas\/Downloads\/Emocine%20perkrova.pdf\" target=\"_blank\" rel=\"noopener\">PATARIMAI PEDAGOGAMS: intensyvios emocijos ir emocin\u0117 perkrova. Kaip pad\u0117ti vaikams, turintiems \u012fvairiapusi\u0173 raidos<\/a><br \/>\nsutrikim\u0173?<\/li>\n<li><a href=\"\/Users\/Mokytojas\/Downloads\/Lytiskumo%20ugdymas.pdf\" target=\"_blank\" rel=\"noopener\">PATARIMAI PEDAGOGAMS: kaip ugdyti vaik\u0173, turin\u010di\u0173 \u012fvairiapusi\u0173 raidos sutrikim\u0173, lyti\u0161kum\u0105<\/a><\/li>\n<\/ul>\n<p>[\/vc_toggle][\/vc_column][\/vc_row][vc_row][vc_column][stm_link][\/vc_column][\/vc_row][vc_row][vc_column][\/vc_column][\/vc_row]<\/p>\n<\/section>","protected":false},"excerpt":{"rendered":"<p>[vc_row full_height=&#8221;yes&#8221;][vc_column width=&#8221;11\/12&#8243;][stm_icon_box icon_position=&#8221;left&#8221; icon_color=&#8221;green&#8221; title=&#8221;\u012etraukusis ugdymas Vilniaus Baltupi\u0173 progimnazijoje&#8221; title_link=&#8221;url:https%3A%2F%2Fwww.baltupiuprogimnazija.vilnius.lm.lt%2Fwp-content%2Fuploads%2F2022%2F02%2FItraukusi-ugdymas-003.pdf|title:%C4%AEtraukusis%20ugdymas%20Vilniaus%20Baltupi%C5%B3%20progimnazijoje.|target:_blank&#8221; icon_fontawesome=&#8221;far fa-file-pdf&#8221; icon_size=&#8221;20px&#8221;][stm_icon_box icon_position=&#8221;left&#8221; icon_color=&#8221;green&#8221; title=&#8221;\u012etraukusis ugdymas (Pagalbos mokiniui specialistai, mokyklos aplinkos pritaikymas, bendruomen\u0117s pasirengimas)&#8221; title_link=&#8221;url:https%3A%2F%2Fwww.baltupiuprogimnazija.vilnius.lm.lt%2Fwp-content%2Fuploads%2F2024%2F04%2FItraukusis_ugdymas_2024.pdf|title:%C4%AEtraukusis%20ugdymas%20(Pagalbos%20mokiniui%20specialistai%2C%20mokyklos%20aplinkos%20pritaikymas))|target:_blank&#8221; icon_fontawesome=&#8221;far fa-file-pdf&#8221; icon_size=&#8221;20px&#8221;][stm_icon_box icon_position=&#8221;left&#8221; icon_color=&#8221;green&#8221; title=&#8221;Veiksm\u0173 planas, taikomas spr\u0119sti i\u0161kylan\u010dioms situacijoms d\u0117l SUP mokini\u0173&#8221; title_link=&#8221;url:https%3A%2F%2Fwww.baltupiuprogimnazija.vilnius.lm.lt%2Fwp-content%2Fuploads%2F2022%2F10%2FVeiksmu-planas.docx.pdf|title:Veiksm%C5%B3%20planas%2C%20taikomas%20spr%C4%99sti%20i%C5%A1kylan%C4%8Dioms%20situacijoms%20d%C4%97l%20SUP%20mokini%C5%B3|target:_blank&#8221; icon_fontawesome=&#8221;far fa-file-pdf&#8221; icon_size=&#8221;20px&#8221;][stm_icon_box icon_position=&#8221;left&#8221; icon_color=&#8221;green&#8221; title=&#8221;\u012etraukiojo ugdymo \u012fgyvendinimo mokyklose rekomendacijos&#8221; title_link=&#8221;url:https%3A%2F%2Fwww.baltupiuprogimnazija.vilnius.lm.lt%2Fwp-content%2Fuploads%2F2022%2F02%2FREKOMENDACIJOS-galutinis.pdf|title:%C4%AEtraukiojo%20ugdymo%20%C4%AFgyvendinimas%20Bendrojo%20ugdymo%20mokyklose.%20Rekomendacijos%20|target:_blank&#8221; icon_fontawesome=&#8221;far fa-file-pdf&#8221; [&hellip;]<\/p>\n","protected":false},"author":6,"featured_media":0,"parent":0,"menu_order":0,"comment_status":"closed","ping_status":"closed","template":"","meta":{"footnotes":""},"class_list":["post-72526","page","type-page","status-publish","hentry"],"_links":{"self":[{"href":"https:\/\/www.baltupiuprogimnazija.vilnius.lm.lt\/index.php?rest_route=\/wp\/v2\/pages\/72526","targetHints":{"allow":["GET"]}}],"collection":[{"href":"https:\/\/www.baltupiuprogimnazija.vilnius.lm.lt\/index.php?rest_route=\/wp\/v2\/pages"}],"about":[{"href":"https:\/\/www.baltupiuprogimnazija.vilnius.lm.lt\/index.php?rest_route=\/wp\/v2\/types\/page"}],"author":[{"embeddable":true,"href":"https:\/\/www.baltupiuprogimnazija.vilnius.lm.lt\/index.php?rest_route=\/wp\/v2\/users\/6"}],"replies":[{"embeddable":true,"href":"https:\/\/www.baltupiuprogimnazija.vilnius.lm.lt\/index.php?rest_route=%2Fwp%2Fv2%2Fcomments&post=72526"}],"version-history":[{"count":34,"href":"https:\/\/www.baltupiuprogimnazija.vilnius.lm.lt\/index.php?rest_route=\/wp\/v2\/pages\/72526\/revisions"}],"predecessor-version":[{"id":82301,"href":"https:\/\/www.baltupiuprogimnazija.vilnius.lm.lt\/index.php?rest_route=\/wp\/v2\/pages\/72526\/revisions\/82301"}],"wp:attachment":[{"href":"https:\/\/www.baltupiuprogimnazija.vilnius.lm.lt\/index.php?rest_route=%2Fwp%2Fv2%2Fmedia&parent=72526"}],"curies":[{"name":"wp","href":"https:\/\/api.w.org\/{rel}","templated":true}]}}