{"id":67913,"date":"2021-05-03T12:38:20","date_gmt":"2021-05-03T09:38:20","guid":{"rendered":"http:\/\/tobalt.tech\/baltupiugimnazija\/?page_id=4796"},"modified":"2025-08-19T08:52:42","modified_gmt":"2025-08-19T05:52:42","slug":"mokytoju-pareigybiu-aprasymai-2","status":"publish","type":"page","link":"https:\/\/www.baltupiuprogimnazija.vilnius.lm.lt\/?page_id=67913","title":{"rendered":"Mokytoj\u0173 pareigybi\u0173 apra\u0161ymai"},"content":{"rendered":"<section class=\"wpb-content-wrapper\"><p>[vc_row css=&#8221;.vc_custom_1620034872253{padding-bottom: 5% !important;}&#8221;][vc_column width=&#8221;3\/4&#8243;][vc_row_inner][vc_column_inner][vc_column_text]<\/p>\n<ul>\n<li><a href=\"http:\/\/www.baltupiuprogimnazija.vilnius.lm.lt\/wp-content\/uploads\/2021\/01\/01%20Biologijos-mokytojo-pareigyb%C4%97.pdf\">Biologijos mokytojo pareigyb\u0117s apra\u0161ymas<\/a><\/li>\n<li><a href=\"http:\/\/www.baltupiuprogimnazija.vilnius.lm.lt\/wp-content\/uploads\/2021\/01\/02%20Chemijos-mokytojo-pareigyb%C4%97.pdf\">Chemijos mokytojo pareigyb\u0117s apra\u0161ymas<\/a><\/li>\n<li><a href=\"http:\/\/www.baltupiuprogimnazija.vilnius.lm.lt\/wp-content\/uploads\/2021\/01\/03%20Dail%C4%97s-mokytojo-pareigyb%C4%97.pdf\">Dail\u0117s mokytojo pareigyb\u0117s apra\u0161ymas<\/a><\/li>\n<li><a href=\"http:\/\/www.baltupiuprogimnazija.vilnius.lm.lt\/wp-content\/uploads\/2021\/01\/04%20Dorinio-ugdymo-etikos-mokytojo-pareigyb%C4%97.pdf\">Dorinio ugdymo (etikos) mokytojo pareigyb\u0117s apra\u0161ymas<\/a><\/li>\n<li><a href=\"http:\/\/www.baltupiuprogimnazija.vilnius.lm.lt\/wp-content\/uploads\/2021\/01\/05%20Dorinio-ugdymo-tikybos-mokytojo-pareigyb%C4%97.pdf\">Dorinio ugdymo (tikybos) mokytojo pareigyb\u0117s apra\u0161ymas<\/a><\/li>\n<li><a href=\"http:\/\/www.baltupiuprogimnazija.vilnius.lm.lt\/wp-content\/uploads\/2021\/01\/06%20Fizikos-mokytojo-pareigyb%C4%97.pdf\">Fizikos mokytojo pareigyb\u0117s apra\u0161ymas<\/a><\/li>\n<li><a href=\"http:\/\/www.baltupiuprogimnazija.vilnius.lm.lt\/wp-content\/uploads\/2021\/01\/07%20Fizinio-ugdymo-mokytojo-pareigyb%C4%97.pdf\">Fizinio ugdymo mokytojo pareigyb\u0117s apra\u0161ymas<\/a><\/li>\n<li><a href=\"http:\/\/www.baltupiuprogimnazija.vilnius.lm.lt\/wp-content\/uploads\/2021\/01\/09%20Geografijos-mokytojo-pareigyb%C4%97.pdf\">Geografijos mokytojo pareigyb\u0117s apra\u0161ymas<\/a><\/li>\n<li><a title=\"Gyvenimo \u012fg\u016bd\u017ei\u0173 mokytojo pareigyb\u0117s apra\u0161ymas\" href=\"https:\/\/www.baltupiuprogimnazija.vilnius.lm.lt\/wp-content\/uploads\/2024\/05\/26-Gyvenimo-igudziu-mokytojo-pareigybe.pdf\">Gyvenimo \u012fg\u016bd\u017ei\u0173 mokytojo pareigyb\u0117s apra\u0161ymas<\/a><\/li>\n<li><a href=\"https:\/\/www.baltupiuprogimnazija.vilnius.lm.lt\/wp-content\/uploads\/2025\/08\/10-Informatikos-mokytojo-pareigybe.pdf\" target=\"_blank\" rel=\"noopener\">Informatikos mokytojo pareigyb\u0117s apra\u0161ymas<\/a><\/li>\n<li><a href=\"http:\/\/www.baltupiuprogimnazija.vilnius.lm.lt\/wp-content\/uploads\/2021\/01\/11%20Istorijos-mokytojo-pareigyb%C4%97.pdf\">Istorijos mokytojo pareigyb\u0117s apra\u0161ymas<\/a><\/li>\n<li><a href=\"http:\/\/www.baltupiuprogimnazija.vilnius.lm.lt\/wp-content\/uploads\/2021\/01\/12%20Lietuvi%C5%B3-kalbos-ir-literat%C5%ABros-mokytojo-pareigyb%C4%97.pdf\">Lietuvi\u0173 kalbos ir literat\u016bros mokytojo pareigyb\u0117s apra\u0161ymas<\/a><\/li>\n<li><a href=\"http:\/\/www.baltupiuprogimnazija.vilnius.lm.lt\/wp-content\/uploads\/2021\/01\/13%20Matematikos-mokytojo-pareigyb%C4%97.pdf\">Matematikos mokytojo pareigyb\u0117s apra\u0161ymas<\/a><\/li>\n<li><a href=\"http:\/\/www.baltupiuprogimnazija.vilnius.lm.lt\/wp-content\/uploads\/2021\/01\/14%20Muzikos-mokytojo-pareigyb%C4%97.pdf\">Muzikos mokytojo pareigyb\u0117s apra\u0161ymas<\/a><\/li>\n<li><a href=\"http:\/\/www.baltupiuprogimnazija.vilnius.lm.lt\/wp-content\/uploads\/2021\/01\/15%20Pradinio-ugdymo-mokytojo-pareigyb%C4%97.pdf\">Pradinio ugdymo mokytojo pareigyb\u0117s apra\u0161ymas<\/a><\/li>\n<li><a href=\"http:\/\/www.baltupiuprogimnazija.vilnius.lm.lt\/wp-content\/uploads\/2021\/01\/16%20Technologij%C5%B3-mokytojo-pareigyb%C4%97.pdf\">Technologij\u0173 mokytojo pareigyb\u0117s apra\u0161ymas<\/a><\/li>\n<li><a href=\"http:\/\/www.baltupiuprogimnazija.vilnius.lm.lt\/wp-content\/uploads\/2021\/01\/17%20U%C5%BEsienio-kalbos-angl%C5%B3-mokytojo-pareigyb%C4%97.pdf\">U\u017esienio kalbos (angl\u0173) mokytojo pareigyb\u0117s apra\u0161ymas<\/a><\/li>\n<li><a href=\"https:\/\/www.baltupiuprogimnazija.vilnius.lm.lt\/wp-content\/uploads\/2023\/04\/25-Uzsienio-kalbos-ispanu-mokytojo-pareigybe.pdf\" target=\"_blank\" rel=\"noopener\">U\u017esienio kalbos (ispan\u0173) mokytojo pareigyb\u0117s apra\u0161ymas<\/a><\/li>\n<li><a href=\"http:\/\/www.baltupiuprogimnazija.vilnius.lm.lt\/wp-content\/uploads\/2021\/01\/18%20U%C5%BEsienio-kalbos-pranc%C5%ABz%C5%B3-mokytojo-pareigyb%C4%97.pdf\">U\u017esienio kalbos (pranc\u016bz\u0173) mokytojo pareigyb\u0117s apra\u0161ymas<\/a><\/li>\n<li><a href=\"http:\/\/www.baltupiuprogimnazija.vilnius.lm.lt\/wp-content\/uploads\/2021\/01\/19%20U%C5%BEsienio-kalbos-vokie%C4%8Di%C5%B3-mokytojo-pareigyb%C4%97.pdf\">U\u017esienio kalbos (vokie\u010di\u0173) mokytojo pareigyb\u0117s apra\u0161ymas<\/a><\/li>\n<li><a href=\"http:\/\/www.baltupiuprogimnazija.vilnius.lm.lt\/wp-content\/uploads\/2021\/01\/20%20U%C5%BEsienio-kalbos-rus%C5%B3-mokytojo-pareigyb%C4%97.pdf\">U\u017esienio kalbos (rus\u0173) mokytojo pareigyb\u0117s apra\u0161ymas<\/a><\/li>\n<li><a href=\"http:\/\/www.baltupiuprogimnazija.vilnius.lm.lt\/wp-content\/uploads\/2021\/03\/22%20Neformaliojo-%C5%A1vietimo-mokytojo-pareigyb%C4%97.pdf\">Neformaliojo \u0161vietimo mokytojo pareigyb\u0117s apra\u0161ymas<\/a><\/li>\n<li><a href=\"http:\/\/www.baltupiuprogimnazija.vilnius.lm.lt\/wp-content\/uploads\/2021\/03\/23%20Klas%C4%97s-vadovo-pareigyb%C4%97.pdf\">Klas\u0117s vadovo pareigyb\u0117s apra\u0161ymas<\/a><\/li>\n<li><a href=\"http:\/\/www.baltupiuprogimnazija.vilnius.lm.lt\/wp-content\/uploads\/2021\/01\/24%20%C5%A0okio-mokytojo-pareigyb%C4%97.pdf\">\u0160okio mokytojo pareigyb\u0117s apra\u0161ymas<\/a><\/li>\n<\/ul>\n<p>[\/vc_column_text][\/vc_column_inner][\/vc_row_inner][\/vc_column][vc_column width=&#8221;1\/4&#8243;][\/vc_column][\/vc_row]<\/p>\n<\/section>","protected":false},"excerpt":{"rendered":"<p>[vc_row css=&#8221;.vc_custom_1620034872253{padding-bottom: 5% !important;}&#8221;][vc_column width=&#8221;3\/4&#8243;][vc_row_inner][vc_column_inner][vc_column_text] Biologijos mokytojo pareigyb\u0117s apra\u0161ymas Chemijos mokytojo pareigyb\u0117s apra\u0161ymas Dail\u0117s mokytojo pareigyb\u0117s apra\u0161ymas Dorinio ugdymo (etikos) mokytojo pareigyb\u0117s apra\u0161ymas Dorinio ugdymo (tikybos) mokytojo pareigyb\u0117s apra\u0161ymas Fizikos mokytojo pareigyb\u0117s apra\u0161ymas Fizinio ugdymo mokytojo pareigyb\u0117s apra\u0161ymas Geografijos mokytojo pareigyb\u0117s apra\u0161ymas Gyvenimo \u012fg\u016bd\u017ei\u0173 mokytojo pareigyb\u0117s apra\u0161ymas Informatikos mokytojo pareigyb\u0117s apra\u0161ymas Istorijos mokytojo pareigyb\u0117s apra\u0161ymas [&hellip;]<\/p>\n","protected":false},"author":1,"featured_media":0,"parent":0,"menu_order":0,"comment_status":"closed","ping_status":"closed","template":"","meta":{"footnotes":""},"class_list":["post-67913","page","type-page","status-publish","hentry"],"_links":{"self":[{"href":"https:\/\/www.baltupiuprogimnazija.vilnius.lm.lt\/index.php?rest_route=\/wp\/v2\/pages\/67913","targetHints":{"allow":["GET"]}}],"collection":[{"href":"https:\/\/www.baltupiuprogimnazija.vilnius.lm.lt\/index.php?rest_route=\/wp\/v2\/pages"}],"about":[{"href":"https:\/\/www.baltupiuprogimnazija.vilnius.lm.lt\/index.php?rest_route=\/wp\/v2\/types\/page"}],"author":[{"embeddable":true,"href":"https:\/\/www.baltupiuprogimnazija.vilnius.lm.lt\/index.php?rest_route=\/wp\/v2\/users\/1"}],"replies":[{"embeddable":true,"href":"https:\/\/www.baltupiuprogimnazija.vilnius.lm.lt\/index.php?rest_route=%2Fwp%2Fv2%2Fcomments&post=67913"}],"version-history":[{"count":7,"href":"https:\/\/www.baltupiuprogimnazija.vilnius.lm.lt\/index.php?rest_route=\/wp\/v2\/pages\/67913\/revisions"}],"predecessor-version":[{"id":83180,"href":"https:\/\/www.baltupiuprogimnazija.vilnius.lm.lt\/index.php?rest_route=\/wp\/v2\/pages\/67913\/revisions\/83180"}],"wp:attachment":[{"href":"https:\/\/www.baltupiuprogimnazija.vilnius.lm.lt\/index.php?rest_route=%2Fwp%2Fv2%2Fmedia&parent=67913"}],"curies":[{"name":"wp","href":"https:\/\/api.w.org\/{rel}","templated":true}]}}